{"id":22325,"date":"2019-04-25T09:49:22","date_gmt":"2019-04-25T07:49:22","guid":{"rendered":"https:\/\/eauto.si\/metron-shop\/pravilnik-o-zasebnosti\/"},"modified":"2024-05-29T12:24:35","modified_gmt":"2024-05-29T10:24:35","slug":"pravilnik-o-zasebnosti","status":"publish","type":"page","link":"https:\/\/eauto.si\/metron-shop\/pravilnik-o-zasebnosti\/?lang=sl","title":{"rendered":"Pravilnik o zasebnosti"},"content":{"rendered":"<h2>Politika zasebnosti zavoda Metron in\u0161titut<\/h2>\n<p>Ta pravilnik o zasebnosti opisuje, kako se zbirajo, uporabljajo in delijo va\u0161i osebni podatki, ko obi\u0161\u010dete spletno mesto https:\/\/eauto.si\/metron-shop (&#8220;spletno mesto&#8221;) ali opravite nakup na njem.<\/p>\n<h3>OSEBNI PODATKI, KI JIH ZBIRAMO.<\/h3>\n<p>Ko obi\u0161\u010dete spletno mesto, samodejno zbiramo dolo\u010dene informacije o va\u0161i napravi, vklju\u010dno z informacijami o spletnem brskalniku, naslovu IP, \u010dasovnem pasu in nekaterih pi\u0161kotkih, ki so name\u0161\u010deni v va\u0161i napravi. Poleg tega med brskanjem po spletnem mestu zbiramo informacije o posameznih spletnih straneh ali izdelkih, ki si jih ogledate, o tem, katera spletna mesta ali iskalni izrazi so vas napotili na spletno mesto, in informacije o tem, kako sodelujete s spletnim mestom. Te samodejno zbrane informacije imenujemo &#8220;Informacije o napravi&#8221;.<\/p>\n<p>Podatke o napravi zbiramo z naslednjimi tehnologijami:<\/p>\n<ul>\n<li>&#8220;Pi\u0161kotki&#8221; so podatkovne datoteke, ki se namestijo v va\u0161o napravo ali ra\u010dunalnik in pogosto vklju\u010dujejo anonimni edinstveni identifikator. Za ve\u010d informacij o pi\u0161kotkih in onemogo\u010danju pi\u0161kotkov obi\u0161\u010dite http:\/\/www.allaboutcookies.org.<\/li>\n<li>&#8220;Dnevni\u0161ke datoteke&#8221; spremljajo dejanja na spletnem mestu in zbirajo podatke, vklju\u010dno z va\u0161im naslovom IP, vrsto brskalnika, ponudnikom internetnih storitev, referen\u010dnimi\/izhodnimi stranmi ter datumskimi\/\u010dasovnimi \u017eigi.<\/li>\n<li>&#8220;Spletni svetilniki&#8221;, &#8220;oznake&#8221; in &#8220;piksli&#8221; so elektronske datoteke, ki se uporabljajo za bele\u017eenje informacij o tem, kako brskate po spletnem mestu.<\/li>\n<\/ul>\n<p>Ko opravite nakup ali posku\u0161ate opraviti nakup prek spletnega mesta, od vas zberemo dolo\u010dene podatke, vklju\u010dno z va\u0161im imenom, ra\u010dunskim naslovom, naslovom za po\u0161iljanje, e-po\u0161tnim naslovom in telefonsko \u0161tevilko. Te informacije imenujemo &#8220;informacije o naro\u010dilu&#8221;.<\/p>\n<p>Ko v tem pravilniku o zasebnosti govorimo o &#8220;osebnih podatkih&#8221;, imamo v mislih tako podatke o napravi kot podatke o naro\u010dilu.<\/p>\n<h3>KAKO UPORABLJAMO VA\u0160E OSEBNE PODATKE?<\/h3>\n<p>Podatke o naro\u010dilu, ki jih zberemo, na splo\u0161no uporabljamo za izpolnjevanje naro\u010dil, oddanih prek spletnega mesta (vklju\u010dno z obdelavo va\u0161ih pla\u010dilnih podatkov, organizacijo dostave in zagotavljanjem ra\u010dunov in\/ali potrditev naro\u010dil). Poleg tega te podatke o naro\u010dilu uporabljamo za:<\/p>\n<ul>\n<li>Komuniciranje z vami<\/li>\n<li>pregledovanje na\u0161ih naro\u010dil glede morebitnega tveganja ali goljufije; in<\/li>\n<li>v skladu z va\u0161imi \u017eeljami, ki ste nam jih posredovali, vam posredujemo informacije ali oglase v zvezi z na\u0161imi izdelki ali storitvami.<\/li>\n<\/ul>\n<p>Podatke o napravi, ki jih zberemo, uporabljamo za pomo\u010d pri preverjanju morebitnih tveganj in goljufij (zlasti va\u0161 naslov IP) ter na splo\u0161no za izbolj\u0161anje in optimizacijo na\u0161ega spletnega mesta (na primer z ustvarjanjem analiti\u010dnih podatkov o tem, kako na\u0161e stranke brskajo po spletnem mestu in kako z njim komunicirajo, ter za ocenjevanje uspe\u0161nosti na\u0161ih tr\u017enih in ogla\u0161evalskih kampanj).<\/p>\n<h3>POSREDOVANJE VA\u0160IH OSEBNIH PODATKOV.<\/h3>\n<p>Podatke, ki nam jih posredujete ob oddaji naro\u010dila, uporabljamo <em><strong>izklju\u010dno<\/strong><\/em> za dokon\u010danje naro\u010dila. Teh podatkov <strong><em>ne <\/em><\/strong>delimo z zunanjimi strankami, razen v obsegu, ki je potreben za izvedbo naro\u010dila.<\/p>\n<p>Povratne e-po\u0161tne naslove uporabljamo za odgovarjanje na prejeta e-po\u0161tna sporo\u010dila. Ti naslovi se ne uporabljajo za noben drug namen in se ne delijo z zunanjimi strankami.<\/p>\n<p>Osebnih podatkov, ki nam jih posredujete prek spleta, nikoli ne uporabljamo ali delimo na na\u010dine, ki niso povezani z zgoraj opisanimi, ne da bi vam dali mo\u017enost, da se od njih odjavite ali kako druga\u010de prepovedali tak\u0161no nepovezano uporabo.<\/p>\n<p>Uporabljamo Google Analytics, ki nam pomaga razumeti, kako na\u0161e stranke uporabljajo spletno mesto &#8211; ve\u010d o tem, kako Google uporablja va\u0161e osebne podatke, si lahko preberete tukaj: https:\/\/www.google.com\/intl\/en\/policies\/privacy\/. Od storitve Google Analytics se lahko odjavite tukaj: https:\/\/tools.google.com\/dlpage\/gaoptout.<\/p>\n<p>Va\u0161e osebne podatke lahko posredujemo, \u010de \u017eelimo ravnati v skladu z veljavnimi zakoni in predpisi, \u010de se \u017eelimo odzvati na sodni poziv, nalog za preiskavo ali drugo zakonito zahtevo po informacijah, ki jih prejmemo, ali \u010de \u017eelimo kako druga\u010de za\u0161\u010dititi svoje pravice.<\/p>\n<h3>DO NOT TRACK<\/h3>\n<p>Upo\u0161tevajte, da ne spremenimo postopkov zbiranja in uporabe podatkov na na\u0161em spletnem mestu, \u010de v va\u0161em brskalniku vidimo signal &#8220;Do Not Track&#8221;.<\/p>\n<h3>VA\u0160E PRAVICE<\/h3>\n<p>\u010ce ste evropski dr\u017eavljan, imate pravico do dostopa do osebnih podatkov, ki jih hranimo o vas ter pravico zahtevati, da se va\u0161i osebni podatki popravijo, posodobijo ali izbri\u0161ejo. \u010ce \u017eelite uveljavljati to pravico, se obrnite na nas prek spodnjih kontaktnih podatkov.<\/p>\n<p>\u010ce ste evropski rezident, poleg tega poudarjamo, da va\u0161e podatke obdelujemo, da bi izpolnili pogodbe, ki smo jih morda sklenili z vami (na primer, \u010de prek spletnega mesta oddate naro\u010dilo), ali za uresni\u010devanje na\u0161ih zakonitih poslovnih interesov, navedenih zgoraj. Poleg tega upo\u0161tevajte, da so lahko va\u0161i podatki preneseni izven Evrope, tudi v Kanado in Zdru\u017eene dr\u017eave Amerike.<\/p>\n<h3>HRAMBA PODATKOV<\/h3>\n<p>Ko oddate naro\u010dilo prek spletnega mesta, bomo va\u0161e podatke o naro\u010dilu hranili v svojih evidencah, dokler nas ne zaprosite za izbris teh podatkov.<\/p>\n<h3>SPREMEMBE<\/h3>\n<p>Ta pravilnik o zasebnosti lahko ob\u010dasno posodobimo, na primer zaradi sprememb na\u0161ih praks ali drugih operativnih, pravnih ali regulativnih razlogov.<\/p>\n<h3>KONTAKTIRAJTE NAS<\/h3>\n<p>\u010ce \u017eelite ve\u010d informacij o na\u0161ih praksah zasebnosti, \u010de imate vpra\u0161anja ali \u010de se \u017eelite prito\u017eiti, se obrnite na nas po e-po\u0161ti na naslovu <a href=\"mailto:info@eauto.si\">info@eauto.si<\/a> ali po po\u0161ti s spodaj navedenimi podatki:<\/p>\n<p>Metron in\u0161titut, Podnart 33, 4244 Podnart, Slovenia<\/p>\n<hr>\n<hr>\n<h3>&nbsp;<\/h3>\n","protected":false},"excerpt":{"rendered":"<p>Politika zasebnosti zavoda Metron in\u0161titut Ta pravilnik o zasebnosti opisuje, kako se zbirajo, uporabljajo in delijo va\u0161i osebni podatki, ko obi\u0161\u010dete spletno mesto https:\/\/eauto.si\/metron-shop (&#8220;spletno mesto&#8221;) ali opravite nakup na njem. OSEBNI PODATKI, KI JIH ZBIRAMO. Ko obi\u0161\u010dete spletno mesto, samodejno zbiramo dolo\u010dene informacije o va\u0161i napravi, vklju\u010dno z informacijami o spletnem brskalniku, naslovu IP, [&hellip;]<\/p>\n","protected":false},"author":1,"featured_media":0,"parent":0,"menu_order":0,"comment_status":"closed","ping_status":"closed","template":"","meta":{"ngg_post_thumbnail":0,"footnotes":""},"class_list":["post-22325","page","type-page","status-publish","hentry"],"yoast_head":"<!-- This site is optimized with the Yoast SEO Premium plugin v27.6 (Yoast SEO v27.6) - https:\/\/yoast.com\/product\/yoast-seo-premium-wordpress\/ -->\n<title>Pravilnik o zasebnosti - Metron Shop<\/title>\n<meta name=\"robots\" content=\"index, follow, max-snippet:-1, max-image-preview:large, max-video-preview:-1\" \/>\n<link rel=\"canonical\" href=\"https:\/\/eauto.si\/metron-shop\/pravilnik-o-zasebnosti\/\" \/>\n<meta property=\"og:locale\" content=\"en_US\" \/>\n<meta property=\"og:type\" content=\"article\" \/>\n<meta property=\"og:title\" content=\"Pravilnik o zasebnosti\" \/>\n<meta property=\"og:description\" content=\"Politika zasebnosti zavoda Metron in\u0161titut Ta pravilnik o zasebnosti opisuje, kako se zbirajo, uporabljajo in delijo va\u0161i osebni podatki, ko obi\u0161\u010dete spletno mesto https:\/\/eauto.si\/metron-shop (&#8220;spletno mesto&#8221;) ali opravite nakup na njem. OSEBNI PODATKI, KI JIH ZBIRAMO. Ko obi\u0161\u010dete spletno mesto, samodejno zbiramo dolo\u010dene informacije o va\u0161i napravi, vklju\u010dno z informacijami o spletnem brskalniku, naslovu IP, [&hellip;]\" \/>\n<meta property=\"og:url\" content=\"https:\/\/eauto.si\/metron-shop\/pravilnik-o-zasebnosti\/?lang=sl\" \/>\n<meta property=\"og:site_name\" content=\"Metron Shop\" \/>\n<meta property=\"article:publisher\" content=\"https:\/\/www.facebook.com\/MetronInstitut\/\" \/>\n<meta property=\"article:modified_time\" content=\"2024-05-29T10:24:35+00:00\" \/>\n<meta name=\"twitter:card\" content=\"summary_large_image\" \/>\n<meta name=\"twitter:label1\" content=\"Est. reading time\" \/>\n\t<meta name=\"twitter:data1\" content=\"4 minutes\" \/>\n<script type=\"application\/ld+json\" class=\"yoast-schema-graph\">{\"@context\":\"https:\\\/\\\/schema.org\",\"@graph\":[{\"@type\":\"WebPage\",\"@id\":\"https:\\\/\\\/eauto.si\\\/metron-shop\\\/pravilnik-o-zasebnosti\\\/?lang=sl\",\"url\":\"https:\\\/\\\/eauto.si\\\/metron-shop\\\/pravilnik-o-zasebnosti\\\/?lang=sl\",\"name\":\"Pravilnik o zasebnosti - Metron Shop\",\"isPartOf\":{\"@id\":\"https:\\\/\\\/eauto.si\\\/metron-shop\\\/#website\"},\"datePublished\":\"2019-04-25T07:49:22+00:00\",\"dateModified\":\"2024-05-29T10:24:35+00:00\",\"breadcrumb\":{\"@id\":\"https:\\\/\\\/eauto.si\\\/metron-shop\\\/pravilnik-o-zasebnosti\\\/?lang=sl#breadcrumb\"},\"inLanguage\":\"en-US\",\"potentialAction\":[{\"@type\":\"ReadAction\",\"target\":[\"https:\\\/\\\/eauto.si\\\/metron-shop\\\/pravilnik-o-zasebnosti\\\/?lang=sl\"]}]},{\"@type\":\"BreadcrumbList\",\"@id\":\"https:\\\/\\\/eauto.si\\\/metron-shop\\\/pravilnik-o-zasebnosti\\\/?lang=sl#breadcrumb\",\"itemListElement\":[{\"@type\":\"ListItem\",\"position\":1,\"name\":\"Home\",\"item\":\"https:\\\/\\\/eauto.si\\\/metron-shop\\\/\"},{\"@type\":\"ListItem\",\"position\":2,\"name\":\"Pravilnik o zasebnosti\"}]},{\"@type\":\"WebSite\",\"@id\":\"https:\\\/\\\/eauto.si\\\/metron-shop\\\/#website\",\"url\":\"https:\\\/\\\/eauto.si\\\/metron-shop\\\/\",\"name\":\"Metron Shop\",\"description\":\"EV charging cables and more ...\",\"publisher\":{\"@id\":\"https:\\\/\\\/eauto.si\\\/metron-shop\\\/#organization\"},\"potentialAction\":[{\"@type\":\"SearchAction\",\"target\":{\"@type\":\"EntryPoint\",\"urlTemplate\":\"https:\\\/\\\/eauto.si\\\/metron-shop\\\/?s={search_term_string}\"},\"query-input\":{\"@type\":\"PropertyValueSpecification\",\"valueRequired\":true,\"valueName\":\"search_term_string\"}}],\"inLanguage\":\"en-US\"},{\"@type\":\"Organization\",\"@id\":\"https:\\\/\\\/eauto.si\\\/metron-shop\\\/#organization\",\"name\":\"Metron institute\",\"url\":\"https:\\\/\\\/eauto.si\\\/metron-shop\\\/\",\"logo\":{\"@type\":\"ImageObject\",\"inLanguage\":\"en-US\",\"@id\":\"https:\\\/\\\/eauto.si\\\/metron-shop\\\/#\\\/schema\\\/logo\\\/image\\\/\",\"url\":\"https:\\\/\\\/eauto.si\\\/metron-shop\\\/wp-content\\\/uploads\\\/LOGO-ENG.png\",\"contentUrl\":\"https:\\\/\\\/eauto.si\\\/metron-shop\\\/wp-content\\\/uploads\\\/LOGO-ENG.png\",\"width\":590,\"height\":272,\"caption\":\"Metron institute\"},\"image\":{\"@id\":\"https:\\\/\\\/eauto.si\\\/metron-shop\\\/#\\\/schema\\\/logo\\\/image\\\/\"},\"sameAs\":[\"https:\\\/\\\/www.facebook.com\\\/MetronInstitut\\\/\",\"https:\\\/\\\/www.youtube.com\\\/channel\\\/UCkD45nHDQdTv1poqTrWhWxA\"]}]}<\/script>\n<!-- \/ Yoast SEO Premium plugin. -->","yoast_head_json":{"title":"Pravilnik o zasebnosti - Metron Shop","robots":{"index":"index","follow":"follow","max-snippet":"max-snippet:-1","max-image-preview":"max-image-preview:large","max-video-preview":"max-video-preview:-1"},"canonical":"https:\/\/eauto.si\/metron-shop\/pravilnik-o-zasebnosti\/","og_locale":"en_US","og_type":"article","og_title":"Pravilnik o zasebnosti","og_description":"Politika zasebnosti zavoda Metron in\u0161titut Ta pravilnik o zasebnosti opisuje, kako se zbirajo, uporabljajo in delijo va\u0161i osebni podatki, ko obi\u0161\u010dete spletno mesto https:\/\/eauto.si\/metron-shop (&#8220;spletno mesto&#8221;) ali opravite nakup na njem. OSEBNI PODATKI, KI JIH ZBIRAMO. Ko obi\u0161\u010dete spletno mesto, samodejno zbiramo dolo\u010dene informacije o va\u0161i napravi, vklju\u010dno z informacijami o spletnem brskalniku, naslovu IP, [&hellip;]","og_url":"https:\/\/eauto.si\/metron-shop\/pravilnik-o-zasebnosti\/?lang=sl","og_site_name":"Metron Shop","article_publisher":"https:\/\/www.facebook.com\/MetronInstitut\/","article_modified_time":"2024-05-29T10:24:35+00:00","twitter_card":"summary_large_image","twitter_misc":{"Est. reading time":"4 minutes"},"schema":{"@context":"https:\/\/schema.org","@graph":[{"@type":"WebPage","@id":"https:\/\/eauto.si\/metron-shop\/pravilnik-o-zasebnosti\/?lang=sl","url":"https:\/\/eauto.si\/metron-shop\/pravilnik-o-zasebnosti\/?lang=sl","name":"Pravilnik o zasebnosti - Metron Shop","isPartOf":{"@id":"https:\/\/eauto.si\/metron-shop\/#website"},"datePublished":"2019-04-25T07:49:22+00:00","dateModified":"2024-05-29T10:24:35+00:00","breadcrumb":{"@id":"https:\/\/eauto.si\/metron-shop\/pravilnik-o-zasebnosti\/?lang=sl#breadcrumb"},"inLanguage":"en-US","potentialAction":[{"@type":"ReadAction","target":["https:\/\/eauto.si\/metron-shop\/pravilnik-o-zasebnosti\/?lang=sl"]}]},{"@type":"BreadcrumbList","@id":"https:\/\/eauto.si\/metron-shop\/pravilnik-o-zasebnosti\/?lang=sl#breadcrumb","itemListElement":[{"@type":"ListItem","position":1,"name":"Home","item":"https:\/\/eauto.si\/metron-shop\/"},{"@type":"ListItem","position":2,"name":"Pravilnik o zasebnosti"}]},{"@type":"WebSite","@id":"https:\/\/eauto.si\/metron-shop\/#website","url":"https:\/\/eauto.si\/metron-shop\/","name":"Metron Shop","description":"EV charging cables and more ...","publisher":{"@id":"https:\/\/eauto.si\/metron-shop\/#organization"},"potentialAction":[{"@type":"SearchAction","target":{"@type":"EntryPoint","urlTemplate":"https:\/\/eauto.si\/metron-shop\/?s={search_term_string}"},"query-input":{"@type":"PropertyValueSpecification","valueRequired":true,"valueName":"search_term_string"}}],"inLanguage":"en-US"},{"@type":"Organization","@id":"https:\/\/eauto.si\/metron-shop\/#organization","name":"Metron institute","url":"https:\/\/eauto.si\/metron-shop\/","logo":{"@type":"ImageObject","inLanguage":"en-US","@id":"https:\/\/eauto.si\/metron-shop\/#\/schema\/logo\/image\/","url":"https:\/\/eauto.si\/metron-shop\/wp-content\/uploads\/LOGO-ENG.png","contentUrl":"https:\/\/eauto.si\/metron-shop\/wp-content\/uploads\/LOGO-ENG.png","width":590,"height":272,"caption":"Metron institute"},"image":{"@id":"https:\/\/eauto.si\/metron-shop\/#\/schema\/logo\/image\/"},"sameAs":["https:\/\/www.facebook.com\/MetronInstitut\/","https:\/\/www.youtube.com\/channel\/UCkD45nHDQdTv1poqTrWhWxA"]}]}},"_links":{"self":[{"href":"https:\/\/eauto.si\/metron-shop\/wp-json\/wp\/v2\/pages\/22325","targetHints":{"allow":["GET"]}}],"collection":[{"href":"https:\/\/eauto.si\/metron-shop\/wp-json\/wp\/v2\/pages"}],"about":[{"href":"https:\/\/eauto.si\/metron-shop\/wp-json\/wp\/v2\/types\/page"}],"author":[{"embeddable":true,"href":"https:\/\/eauto.si\/metron-shop\/wp-json\/wp\/v2\/users\/1"}],"replies":[{"embeddable":true,"href":"https:\/\/eauto.si\/metron-shop\/wp-json\/wp\/v2\/comments?post=22325"}],"version-history":[{"count":0,"href":"https:\/\/eauto.si\/metron-shop\/wp-json\/wp\/v2\/pages\/22325\/revisions"}],"wp:attachment":[{"href":"https:\/\/eauto.si\/metron-shop\/wp-json\/wp\/v2\/media?parent=22325"}],"curies":[{"name":"wp","href":"https:\/\/api.w.org\/{rel}","templated":true}]}}