{"id":22964,"date":"2015-03-26T09:02:21","date_gmt":"2015-03-26T08:02:21","guid":{"rendered":"https:\/\/eauto.si\/metron-shop\/product\/ac03-tip-2-na-3-faze-cee-3-x-16a\/"},"modified":"2024-06-10T12:58:52","modified_gmt":"2024-06-10T10:58:52","slug":"ac03-tip-2-na-3-faze-cee-3-x-16a","status":"publish","type":"product","link":"https:\/\/eauto.si\/metron-shop\/product\/ac03-tip-2-na-3-faze-cee-3-x-16a\/?lang=sl","title":{"rendered":"[AC03] Tip 2 na 3-faze CEE (3 x 16A)"},"content":{"rendered":"","protected":false},"excerpt":{"rendered":"<p><span style=\"color: #555555;\">Tip 2 (Mennekes) \u2013 CEE 3<span id=\"transmark\" style=\"width: 0px; height: 0px;\"><\/span> x 16 A 3-fazni adapter. Ta adapter se obi\u010dajno <em><strong>uporablja na polnilnih postajah<\/strong><\/em> s tip 2 vti\u010dnico, s \u010dimer se omogo\u010di priklop naprav z indutrijskim CEE vtika\u010dem, kot so na primer elektri\u010dni skuterji, motorna kolesa ali lahki \u0161tirikolesniki.<\/span><\/p>\n<p>Garancija: 3 leta<\/p>\n<p><a class=\"mb-button mb-style-raised mb-size-small mb-corners-default mb-text-style-heavy \" style=\"background-color: #8a5189;\" href=\"https:\/\/eauto.si\/metron-shop\/wp-content\/uploads\/Metron_Charging_adapter_AC02-03_User_Manual_rev.3_ENG_web.pdf\"> <i class=\"fa fa-edit\"><\/i>Uporabni\u0161ki priro\u010dnik<\/a><br \/>\n<a class=\"mb-button mb-style-raised mb-size-small mb-corners-default mb-text-style-heavy \" style=\"background-color: #8a5189;\" href=\"https:\/\/eauto.si\/metron-shop\/wp-content\/uploads\/Declaration-of-conformity-AC09042020-CE-mark.pdf\"> <i class=\"fa fa-edit\"><\/i>IZJAVA O SKLADNOSTI EU<\/a><br \/>\n<a class=\"mb-button mb-style-raised mb-size-small mb-corners-default mb-text-style-heavy \" style=\"background-color: #8a5189;\" href=\"https:\/\/eauto.si\/metron-shop\/wp-content\/uploads\/AC01_04_T211-0210_20_METRON-SHORT.pdf\"> <i class=\"fa fa-edit\"><\/i>PORO\u010cILO O TESTIRANJU SIQ &#8211; PREDOGLED<\/a><\/p>\n","protected":false},"featured_media":22274,"comment_status":"closed","ping_status":"closed","template":"","meta":{"ngg_post_thumbnail":0},"product_brand":[],"product_cat":[1018],"product_tag":[1039,1038,1091,1076,1156],"class_list":{"0":"post-22964","1":"product","2":"type-product","3":"status-publish","4":"has-post-thumbnail","6":"product_cat-adapterji-za-polnjenje-ev","7":"product_tag-3-x-16a-sl","8":"product_tag-3-fazno","9":"product_tag-adapterji-za-polnjenje-ev","10":"product_tag-cee-sl","11":"product_tag-tip-2-sl-2","12":"product_shipping_class-ev-adapters","14":"first","15":"instock","16":"taxable","17":"shipping-taxable","18":"purchasable","19":"product-type-variable","20":"has-default-attributes"},"yoast_head":"<!-- This site is optimized with the Yoast SEO Premium plugin v27.6 (Yoast SEO v27.6) - https:\/\/yoast.com\/product\/yoast-seo-premium-wordpress\/ -->\n<title>[AC03] Tip 2 na 3-faze CEE (3 x 16A) - Metron Shop<\/title>\n<meta name=\"robots\" content=\"index, follow, max-snippet:-1, max-image-preview:large, max-video-preview:-1\" \/>\n<link rel=\"canonical\" href=\"https:\/\/eauto.si\/metron-shop\/product\/ac03-tip-2-na-3-faze-cee-3-x-16a\/\" \/>\n<meta property=\"og:locale\" content=\"en_US\" \/>\n<meta property=\"og:type\" content=\"article\" \/>\n<meta property=\"og:title\" content=\"[AC03] Tip 2 na 3-faze CEE (3 x 16A)\" \/>\n<meta property=\"og:description\" content=\"Tip 2 (Mennekes) \u2013 CEE 3 x 16 A 3-fazni adapter. Ta adapter se obi\u010dajno uporablja na polnilnih postajah s tip 2 vti\u010dnico, s \u010dimer se omogo\u010di priklop naprav z indutrijskim CEE vtika\u010dem, kot so na primer elektri\u010dni skuterji, motorna kolesa ali lahki \u0161tirikolesniki. Garancija: 3 leta  Uporabni\u0161ki priro\u010dnik IZJAVA O SKLADNOSTI EU PORO\u010cILO O TESTIRANJU SIQ - PREDOGLED\" \/>\n<meta property=\"og:url\" content=\"https:\/\/eauto.si\/metron-shop\/product\/ac03-tip-2-na-3-faze-cee-3-x-16a\/?lang=sl\" \/>\n<meta property=\"og:site_name\" content=\"Metron Shop\" \/>\n<meta property=\"article:publisher\" content=\"https:\/\/www.facebook.com\/MetronInstitut\/\" \/>\n<meta property=\"article:modified_time\" content=\"2024-06-10T10:58:52+00:00\" \/>\n<meta property=\"og:image\" content=\"https:\/\/eauto.si\/metron-shop\/wp-content\/uploads\/AC03_profile.jpg\" \/>\n\t<meta property=\"og:image:width\" content=\"800\" \/>\n\t<meta property=\"og:image:height\" content=\"800\" \/>\n\t<meta property=\"og:image:type\" content=\"image\/jpeg\" \/>\n<meta name=\"twitter:card\" content=\"summary_large_image\" \/>\n<script type=\"application\/ld+json\" class=\"yoast-schema-graph\">{\"@context\":\"https:\\\/\\\/schema.org\",\"@graph\":[{\"@type\":\"WebPage\",\"@id\":\"https:\\\/\\\/eauto.si\\\/metron-shop\\\/product\\\/ac03-tip-2-na-3-faze-cee-3-x-16a\\\/?lang=sl\",\"url\":\"https:\\\/\\\/eauto.si\\\/metron-shop\\\/product\\\/ac03-tip-2-na-3-faze-cee-3-x-16a\\\/?lang=sl\",\"name\":\"[AC03] Tip 2 na 3-faze CEE (3 x 16A) - Metron Shop\",\"isPartOf\":{\"@id\":\"https:\\\/\\\/eauto.si\\\/metron-shop\\\/#website\"},\"primaryImageOfPage\":{\"@id\":\"https:\\\/\\\/eauto.si\\\/metron-shop\\\/product\\\/ac03-tip-2-na-3-faze-cee-3-x-16a\\\/?lang=sl#primaryimage\"},\"image\":{\"@id\":\"https:\\\/\\\/eauto.si\\\/metron-shop\\\/product\\\/ac03-tip-2-na-3-faze-cee-3-x-16a\\\/?lang=sl#primaryimage\"},\"thumbnailUrl\":\"https:\\\/\\\/eauto.si\\\/metron-shop\\\/wp-content\\\/uploads\\\/AC03_profile.jpg\",\"datePublished\":\"2015-03-26T08:02:21+00:00\",\"dateModified\":\"2024-06-10T10:58:52+00:00\",\"breadcrumb\":{\"@id\":\"https:\\\/\\\/eauto.si\\\/metron-shop\\\/product\\\/ac03-tip-2-na-3-faze-cee-3-x-16a\\\/?lang=sl#breadcrumb\"},\"inLanguage\":\"en-US\",\"potentialAction\":[{\"@type\":\"ReadAction\",\"target\":[\"https:\\\/\\\/eauto.si\\\/metron-shop\\\/product\\\/ac03-tip-2-na-3-faze-cee-3-x-16a\\\/?lang=sl\"]}]},{\"@type\":\"ImageObject\",\"inLanguage\":\"en-US\",\"@id\":\"https:\\\/\\\/eauto.si\\\/metron-shop\\\/product\\\/ac03-tip-2-na-3-faze-cee-3-x-16a\\\/?lang=sl#primaryimage\",\"url\":\"https:\\\/\\\/eauto.si\\\/metron-shop\\\/wp-content\\\/uploads\\\/AC03_profile.jpg\",\"contentUrl\":\"https:\\\/\\\/eauto.si\\\/metron-shop\\\/wp-content\\\/uploads\\\/AC03_profile.jpg\",\"width\":800,\"height\":800},{\"@type\":\"BreadcrumbList\",\"@id\":\"https:\\\/\\\/eauto.si\\\/metron-shop\\\/product\\\/ac03-tip-2-na-3-faze-cee-3-x-16a\\\/?lang=sl#breadcrumb\",\"itemListElement\":[{\"@type\":\"ListItem\",\"position\":1,\"name\":\"Home\",\"item\":\"https:\\\/\\\/eauto.si\\\/metron-shop\\\/\"},{\"@type\":\"ListItem\",\"position\":2,\"name\":\"Shop\",\"item\":\"https:\\\/\\\/eauto.si\\\/metron-shop\\\/\"},{\"@type\":\"ListItem\",\"position\":3,\"name\":\"[AC03] Tip 2 na 3-faze CEE (3 x 16A)\"}]},{\"@type\":\"WebSite\",\"@id\":\"https:\\\/\\\/eauto.si\\\/metron-shop\\\/#website\",\"url\":\"https:\\\/\\\/eauto.si\\\/metron-shop\\\/\",\"name\":\"Metron Shop\",\"description\":\"EV charging cables and more ...\",\"publisher\":{\"@id\":\"https:\\\/\\\/eauto.si\\\/metron-shop\\\/#organization\"},\"potentialAction\":[{\"@type\":\"SearchAction\",\"target\":{\"@type\":\"EntryPoint\",\"urlTemplate\":\"https:\\\/\\\/eauto.si\\\/metron-shop\\\/?s={search_term_string}\"},\"query-input\":{\"@type\":\"PropertyValueSpecification\",\"valueRequired\":true,\"valueName\":\"search_term_string\"}}],\"inLanguage\":\"en-US\"},{\"@type\":\"Organization\",\"@id\":\"https:\\\/\\\/eauto.si\\\/metron-shop\\\/#organization\",\"name\":\"Metron institute\",\"url\":\"https:\\\/\\\/eauto.si\\\/metron-shop\\\/\",\"logo\":{\"@type\":\"ImageObject\",\"inLanguage\":\"en-US\",\"@id\":\"https:\\\/\\\/eauto.si\\\/metron-shop\\\/#\\\/schema\\\/logo\\\/image\\\/\",\"url\":\"https:\\\/\\\/eauto.si\\\/metron-shop\\\/wp-content\\\/uploads\\\/LOGO-ENG.png\",\"contentUrl\":\"https:\\\/\\\/eauto.si\\\/metron-shop\\\/wp-content\\\/uploads\\\/LOGO-ENG.png\",\"width\":590,\"height\":272,\"caption\":\"Metron institute\"},\"image\":{\"@id\":\"https:\\\/\\\/eauto.si\\\/metron-shop\\\/#\\\/schema\\\/logo\\\/image\\\/\"},\"sameAs\":[\"https:\\\/\\\/www.facebook.com\\\/MetronInstitut\\\/\",\"https:\\\/\\\/www.youtube.com\\\/channel\\\/UCkD45nHDQdTv1poqTrWhWxA\"]}]}<\/script>\n<!-- \/ Yoast SEO Premium plugin. -->","yoast_head_json":{"title":"[AC03] Tip 2 na 3-faze CEE (3 x 16A) - Metron Shop","robots":{"index":"index","follow":"follow","max-snippet":"max-snippet:-1","max-image-preview":"max-image-preview:large","max-video-preview":"max-video-preview:-1"},"canonical":"https:\/\/eauto.si\/metron-shop\/product\/ac03-tip-2-na-3-faze-cee-3-x-16a\/","og_locale":"en_US","og_type":"article","og_title":"[AC03] Tip 2 na 3-faze CEE (3 x 16A)","og_description":"Tip 2 (Mennekes) \u2013 CEE 3 x 16 A 3-fazni adapter. Ta adapter se obi\u010dajno uporablja na polnilnih postajah s tip 2 vti\u010dnico, s \u010dimer se omogo\u010di priklop naprav z indutrijskim CEE vtika\u010dem, kot so na primer elektri\u010dni skuterji, motorna kolesa ali lahki \u0161tirikolesniki. Garancija: 3 leta  Uporabni\u0161ki priro\u010dnik IZJAVA O SKLADNOSTI EU PORO\u010cILO O TESTIRANJU SIQ - PREDOGLED","og_url":"https:\/\/eauto.si\/metron-shop\/product\/ac03-tip-2-na-3-faze-cee-3-x-16a\/?lang=sl","og_site_name":"Metron Shop","article_publisher":"https:\/\/www.facebook.com\/MetronInstitut\/","article_modified_time":"2024-06-10T10:58:52+00:00","og_image":[{"width":800,"height":800,"url":"https:\/\/eauto.si\/metron-shop\/wp-content\/uploads\/AC03_profile.jpg","type":"image\/jpeg"}],"twitter_card":"summary_large_image","schema":{"@context":"https:\/\/schema.org","@graph":[{"@type":"WebPage","@id":"https:\/\/eauto.si\/metron-shop\/product\/ac03-tip-2-na-3-faze-cee-3-x-16a\/?lang=sl","url":"https:\/\/eauto.si\/metron-shop\/product\/ac03-tip-2-na-3-faze-cee-3-x-16a\/?lang=sl","name":"[AC03] Tip 2 na 3-faze CEE (3 x 16A) - Metron Shop","isPartOf":{"@id":"https:\/\/eauto.si\/metron-shop\/#website"},"primaryImageOfPage":{"@id":"https:\/\/eauto.si\/metron-shop\/product\/ac03-tip-2-na-3-faze-cee-3-x-16a\/?lang=sl#primaryimage"},"image":{"@id":"https:\/\/eauto.si\/metron-shop\/product\/ac03-tip-2-na-3-faze-cee-3-x-16a\/?lang=sl#primaryimage"},"thumbnailUrl":"https:\/\/eauto.si\/metron-shop\/wp-content\/uploads\/AC03_profile.jpg","datePublished":"2015-03-26T08:02:21+00:00","dateModified":"2024-06-10T10:58:52+00:00","breadcrumb":{"@id":"https:\/\/eauto.si\/metron-shop\/product\/ac03-tip-2-na-3-faze-cee-3-x-16a\/?lang=sl#breadcrumb"},"inLanguage":"en-US","potentialAction":[{"@type":"ReadAction","target":["https:\/\/eauto.si\/metron-shop\/product\/ac03-tip-2-na-3-faze-cee-3-x-16a\/?lang=sl"]}]},{"@type":"ImageObject","inLanguage":"en-US","@id":"https:\/\/eauto.si\/metron-shop\/product\/ac03-tip-2-na-3-faze-cee-3-x-16a\/?lang=sl#primaryimage","url":"https:\/\/eauto.si\/metron-shop\/wp-content\/uploads\/AC03_profile.jpg","contentUrl":"https:\/\/eauto.si\/metron-shop\/wp-content\/uploads\/AC03_profile.jpg","width":800,"height":800},{"@type":"BreadcrumbList","@id":"https:\/\/eauto.si\/metron-shop\/product\/ac03-tip-2-na-3-faze-cee-3-x-16a\/?lang=sl#breadcrumb","itemListElement":[{"@type":"ListItem","position":1,"name":"Home","item":"https:\/\/eauto.si\/metron-shop\/"},{"@type":"ListItem","position":2,"name":"Shop","item":"https:\/\/eauto.si\/metron-shop\/"},{"@type":"ListItem","position":3,"name":"[AC03] Tip 2 na 3-faze CEE (3 x 16A)"}]},{"@type":"WebSite","@id":"https:\/\/eauto.si\/metron-shop\/#website","url":"https:\/\/eauto.si\/metron-shop\/","name":"Metron Shop","description":"EV charging cables and more ...","publisher":{"@id":"https:\/\/eauto.si\/metron-shop\/#organization"},"potentialAction":[{"@type":"SearchAction","target":{"@type":"EntryPoint","urlTemplate":"https:\/\/eauto.si\/metron-shop\/?s={search_term_string}"},"query-input":{"@type":"PropertyValueSpecification","valueRequired":true,"valueName":"search_term_string"}}],"inLanguage":"en-US"},{"@type":"Organization","@id":"https:\/\/eauto.si\/metron-shop\/#organization","name":"Metron institute","url":"https:\/\/eauto.si\/metron-shop\/","logo":{"@type":"ImageObject","inLanguage":"en-US","@id":"https:\/\/eauto.si\/metron-shop\/#\/schema\/logo\/image\/","url":"https:\/\/eauto.si\/metron-shop\/wp-content\/uploads\/LOGO-ENG.png","contentUrl":"https:\/\/eauto.si\/metron-shop\/wp-content\/uploads\/LOGO-ENG.png","width":590,"height":272,"caption":"Metron institute"},"image":{"@id":"https:\/\/eauto.si\/metron-shop\/#\/schema\/logo\/image\/"},"sameAs":["https:\/\/www.facebook.com\/MetronInstitut\/","https:\/\/www.youtube.com\/channel\/UCkD45nHDQdTv1poqTrWhWxA"]}]}},"_links":{"self":[{"href":"https:\/\/eauto.si\/metron-shop\/wp-json\/wp\/v2\/product\/22964","targetHints":{"allow":["GET"]}}],"collection":[{"href":"https:\/\/eauto.si\/metron-shop\/wp-json\/wp\/v2\/product"}],"about":[{"href":"https:\/\/eauto.si\/metron-shop\/wp-json\/wp\/v2\/types\/product"}],"replies":[{"embeddable":true,"href":"https:\/\/eauto.si\/metron-shop\/wp-json\/wp\/v2\/comments?post=22964"}],"wp:featuredmedia":[{"embeddable":true,"href":"https:\/\/eauto.si\/metron-shop\/wp-json\/wp\/v2\/media\/22274"}],"wp:attachment":[{"href":"https:\/\/eauto.si\/metron-shop\/wp-json\/wp\/v2\/media?parent=22964"}],"wp:term":[{"taxonomy":"product_brand","embeddable":true,"href":"https:\/\/eauto.si\/metron-shop\/wp-json\/wp\/v2\/product_brand?post=22964"},{"taxonomy":"product_cat","embeddable":true,"href":"https:\/\/eauto.si\/metron-shop\/wp-json\/wp\/v2\/product_cat?post=22964"},{"taxonomy":"product_tag","embeddable":true,"href":"https:\/\/eauto.si\/metron-shop\/wp-json\/wp\/v2\/product_tag?post=22964"}],"curies":[{"name":"wp","href":"https:\/\/api.w.org\/{rel}","templated":true}]}}