{"id":24700,"date":"2025-03-18T11:55:46","date_gmt":"2025-03-18T10:55:46","guid":{"rendered":"https:\/\/eauto.si\/metron-shop\/product\/komplet-za-polnjenje-vse-v-enem\/"},"modified":"2026-01-26T11:15:47","modified_gmt":"2026-01-26T10:15:47","slug":"komplet-za-polnjenje-vse-v-enem","status":"publish","type":"product","link":"https:\/\/eauto.si\/metron-shop\/product\/komplet-za-polnjenje-vse-v-enem\/?lang=sl","title":{"rendered":"Komplet za polnjenje vse-v-enem"},"content":{"rendered":"<p>Z na\u0161im vrhunskim paketom za polnjenje dobite vse, kar potrebujete za vsestransko in varno polnjenje elektri\u010dnih vozil. Ta <strong>cenovno ugoden<\/strong> komplet zdru\u017euje prvovrstne komponente in omogo\u010da <strong>znatne prihranke<\/strong> v primerjavi z nakupom vsakega artikla posebej. <\/p>\n<p>Ta vsestranski paket je idealen za doma\u010do, potovalno in profesionalno uporabo, saj vam zagotavlja neprimerljivo prilagodljivost in vrednost.<\/p>\n<p>Kaj je vklju\u010deno:<\/p>\n<ul>\n<li>Prenosna polnilna postaja <a href=\"https:\/\/eauto.si\/metron-shop\/product\/pc05x-3x16a-3-fazni-2\/?lang=sl\">PC05X<\/a> ali <a href=\"https:\/\/eauto.si\/metron-shop\/product\/pc05x-3x16a-3-fazni\/?lang=sl\">PC05X+<\/a> &#8211; zanesljiva in prenosna re\u0161itev za polnjenje elektri\u010dnih vozil na poti.<\/li>\n<\/ul>\n<ul>\n<li>Potovalni adapter za doma\u010de vti\u010dnice tipa F &#8211; odli\u010den za priklju\u010ditev polnilne postaje na standardne doma\u010de vti\u010dnice.<\/li>\n<\/ul>\n<ul>\n<li>Profesionalna vti\u010dnica CEE 3 x 16 A &#8211; visokokakovostna vti\u010dnica za robustno in varno polnjenje v industrijskih okoljih.<\/li>\n<\/ul>\n<ul>\n<li>Novo trpe\u017eno ohi\u0161je s plo\u0161\u010do iz kaljenega stekla &#8211; elegantno za\u0161\u010ditno ohi\u0161je za varno namestitev na steno doma.<\/li>\n<\/ul>\n<ul>\n<li>Majhna klju\u010davnica &#8211; po \u017eelji za dodatno varnost pri namestitvi, za brezskrbno polnjenje.<\/li>\n<\/ul>\n<p>&nbsp;<\/p>\n<div style=\"width: 640px;\" class=\"wp-video\"><video class=\"wp-video-shortcode\" id=\"video-24700-1\" width=\"640\" height=\"360\" preload=\"metadata\" controls=\"controls\"><source type=\"video\/mp4\" src=\"https:\/\/eauto.si\/Video\/Metron-Portable-Charging-EN.mp4?_=1\" \/><a href=\"https:\/\/eauto.si\/Video\/Metron-Portable-Charging-EN.mp4\">https:\/\/eauto.si\/Video\/Metron-Portable-Charging-EN.mp4<\/a><\/video><\/div>\n","protected":false},"excerpt":{"rendered":"<p>Vrhunski paket za polnjenje s prenosno polnilno postajo PC05X \/ PC05X+ in dodatno opremo.<\/p>\n<p>Razli\u010dico paketa PC05X+ je mogo\u010de povezati tudi z b<a href=\"\/metron-shop?p=22874&#038;lang=sl\">rez\u017ei\u010dno enoto za dinami\u010dno polnjenje 3FD-3<\/a> , ki omogo\u010da funkcijo dinami\u010dnega upravljanja obremenitve (DLM).<\/p>\n","protected":false},"featured_media":24510,"comment_status":"closed","ping_status":"closed","template":"","meta":{"ngg_post_thumbnail":0},"product_brand":[],"product_cat":[1027,1295,1032],"product_tag":[1268,1269,1126,1267],"class_list":{"0":"post-24700","1":"product","2":"type-product","3":"status-publish","4":"has-post-thumbnail","6":"product_cat-pametni-prenosni-polnilci-za-ev","7":"product_cat-prenosne-polnilnice-za-ev","8":"product_cat-stenske-polnilne-postaje-za-ev","9":"product_tag-komplet-za-polnjenje-elektricnih-vozil","10":"product_tag-paket","11":"product_tag-pc05x-sl","12":"product_tag-vse-v-enem","14":"first","15":"instock","16":"taxable","17":"shipping-taxable","18":"purchasable","19":"product-type-variable"},"yoast_head":"<!-- This site is optimized with the Yoast SEO Premium plugin v27.6 (Yoast SEO v27.6) - https:\/\/yoast.com\/product\/yoast-seo-premium-wordpress\/ -->\n<title>Komplet za polnjenje vse-v-enem<\/title>\n<meta name=\"description\" content=\"Vrhunski polnilni paket vse-v-enem s prenosno polnilno postajo PC05X \/ PC05X+ in dodatno opremo, ki je idealna za doma\u010do, potovalno in profesionalno uporabo.\" \/>\n<meta name=\"robots\" content=\"index, follow, max-snippet:-1, max-image-preview:large, max-video-preview:-1\" \/>\n<link rel=\"canonical\" href=\"https:\/\/eauto.si\/metron-shop\/product\/komplet-za-polnjenje-vse-v-enem\/\" \/>\n<meta property=\"og:locale\" content=\"en_US\" \/>\n<meta property=\"og:type\" content=\"article\" \/>\n<meta property=\"og:title\" content=\"Komplet za polnjenje vse-v-enem\" \/>\n<meta property=\"og:description\" content=\"Vrhunski polnilni paket vse-v-enem s prenosno polnilno postajo PC05X \/ PC05X+ in dodatno opremo, ki je idealna za doma\u010do, potovalno in profesionalno uporabo.\" \/>\n<meta property=\"og:url\" content=\"https:\/\/eauto.si\/metron-shop\/product\/komplet-za-polnjenje-vse-v-enem\/?lang=sl\" \/>\n<meta property=\"og:site_name\" content=\"Metron Shop\" \/>\n<meta property=\"article:publisher\" content=\"https:\/\/www.facebook.com\/MetronInstitut\/\" \/>\n<meta property=\"article:modified_time\" content=\"2026-01-26T10:15:47+00:00\" \/>\n<meta property=\"og:image\" content=\"https:\/\/eauto.si\/metron-shop\/wp-content\/uploads\/Housing_set-1.jpg\" \/>\n\t<meta property=\"og:image:width\" content=\"2112\" \/>\n\t<meta property=\"og:image:height\" content=\"2112\" \/>\n\t<meta property=\"og:image:type\" content=\"image\/jpeg\" \/>\n<meta name=\"twitter:card\" content=\"summary_large_image\" \/>\n<meta name=\"twitter:label1\" content=\"Est. reading time\" \/>\n\t<meta name=\"twitter:data1\" content=\"1 minute\" \/>\n<script type=\"application\/ld+json\" class=\"yoast-schema-graph\">{\"@context\":\"https:\\\/\\\/schema.org\",\"@graph\":[{\"@type\":\"WebPage\",\"@id\":\"https:\\\/\\\/eauto.si\\\/metron-shop\\\/product\\\/komplet-za-polnjenje-vse-v-enem\\\/?lang=sl\",\"url\":\"https:\\\/\\\/eauto.si\\\/metron-shop\\\/product\\\/komplet-za-polnjenje-vse-v-enem\\\/?lang=sl\",\"name\":\"Komplet za polnjenje vse-v-enem\",\"isPartOf\":{\"@id\":\"https:\\\/\\\/eauto.si\\\/metron-shop\\\/#website\"},\"primaryImageOfPage\":{\"@id\":\"https:\\\/\\\/eauto.si\\\/metron-shop\\\/product\\\/komplet-za-polnjenje-vse-v-enem\\\/?lang=sl#primaryimage\"},\"image\":{\"@id\":\"https:\\\/\\\/eauto.si\\\/metron-shop\\\/product\\\/komplet-za-polnjenje-vse-v-enem\\\/?lang=sl#primaryimage\"},\"thumbnailUrl\":\"https:\\\/\\\/eauto.si\\\/metron-shop\\\/wp-content\\\/uploads\\\/Housing_set-1.jpg\",\"datePublished\":\"2025-03-18T10:55:46+00:00\",\"dateModified\":\"2026-01-26T10:15:47+00:00\",\"description\":\"Vrhunski polnilni paket vse-v-enem s prenosno polnilno postajo PC05X \\\/ PC05X+ in dodatno opremo, ki je idealna za doma\u010do, potovalno in profesionalno uporabo.\",\"breadcrumb\":{\"@id\":\"https:\\\/\\\/eauto.si\\\/metron-shop\\\/product\\\/komplet-za-polnjenje-vse-v-enem\\\/?lang=sl#breadcrumb\"},\"inLanguage\":\"en-US\",\"potentialAction\":[{\"@type\":\"ReadAction\",\"target\":[\"https:\\\/\\\/eauto.si\\\/metron-shop\\\/product\\\/komplet-za-polnjenje-vse-v-enem\\\/?lang=sl\"]}]},{\"@type\":\"ImageObject\",\"inLanguage\":\"en-US\",\"@id\":\"https:\\\/\\\/eauto.si\\\/metron-shop\\\/product\\\/komplet-za-polnjenje-vse-v-enem\\\/?lang=sl#primaryimage\",\"url\":\"https:\\\/\\\/eauto.si\\\/metron-shop\\\/wp-content\\\/uploads\\\/Housing_set-1.jpg\",\"contentUrl\":\"https:\\\/\\\/eauto.si\\\/metron-shop\\\/wp-content\\\/uploads\\\/Housing_set-1.jpg\",\"width\":2112,\"height\":2112},{\"@type\":\"BreadcrumbList\",\"@id\":\"https:\\\/\\\/eauto.si\\\/metron-shop\\\/product\\\/komplet-za-polnjenje-vse-v-enem\\\/?lang=sl#breadcrumb\",\"itemListElement\":[{\"@type\":\"ListItem\",\"position\":1,\"name\":\"Home\",\"item\":\"https:\\\/\\\/eauto.si\\\/metron-shop\\\/\"},{\"@type\":\"ListItem\",\"position\":2,\"name\":\"Shop\",\"item\":\"https:\\\/\\\/eauto.si\\\/metron-shop\\\/\"},{\"@type\":\"ListItem\",\"position\":3,\"name\":\"Komplet za polnjenje vse-v-enem\"}]},{\"@type\":\"WebSite\",\"@id\":\"https:\\\/\\\/eauto.si\\\/metron-shop\\\/#website\",\"url\":\"https:\\\/\\\/eauto.si\\\/metron-shop\\\/\",\"name\":\"Metron Shop\",\"description\":\"EV charging cables and more ...\",\"publisher\":{\"@id\":\"https:\\\/\\\/eauto.si\\\/metron-shop\\\/#organization\"},\"potentialAction\":[{\"@type\":\"SearchAction\",\"target\":{\"@type\":\"EntryPoint\",\"urlTemplate\":\"https:\\\/\\\/eauto.si\\\/metron-shop\\\/?s={search_term_string}\"},\"query-input\":{\"@type\":\"PropertyValueSpecification\",\"valueRequired\":true,\"valueName\":\"search_term_string\"}}],\"inLanguage\":\"en-US\"},{\"@type\":\"Organization\",\"@id\":\"https:\\\/\\\/eauto.si\\\/metron-shop\\\/#organization\",\"name\":\"Metron institute\",\"url\":\"https:\\\/\\\/eauto.si\\\/metron-shop\\\/\",\"logo\":{\"@type\":\"ImageObject\",\"inLanguage\":\"en-US\",\"@id\":\"https:\\\/\\\/eauto.si\\\/metron-shop\\\/#\\\/schema\\\/logo\\\/image\\\/\",\"url\":\"https:\\\/\\\/eauto.si\\\/metron-shop\\\/wp-content\\\/uploads\\\/LOGO-ENG.png\",\"contentUrl\":\"https:\\\/\\\/eauto.si\\\/metron-shop\\\/wp-content\\\/uploads\\\/LOGO-ENG.png\",\"width\":590,\"height\":272,\"caption\":\"Metron institute\"},\"image\":{\"@id\":\"https:\\\/\\\/eauto.si\\\/metron-shop\\\/#\\\/schema\\\/logo\\\/image\\\/\"},\"sameAs\":[\"https:\\\/\\\/www.facebook.com\\\/MetronInstitut\\\/\",\"https:\\\/\\\/www.youtube.com\\\/channel\\\/UCkD45nHDQdTv1poqTrWhWxA\"]}]}<\/script>\n<!-- \/ Yoast SEO Premium plugin. -->","yoast_head_json":{"title":"Komplet za polnjenje vse-v-enem","description":"Vrhunski polnilni paket vse-v-enem s prenosno polnilno postajo PC05X \/ PC05X+ in dodatno opremo, ki je idealna za doma\u010do, potovalno in profesionalno uporabo.","robots":{"index":"index","follow":"follow","max-snippet":"max-snippet:-1","max-image-preview":"max-image-preview:large","max-video-preview":"max-video-preview:-1"},"canonical":"https:\/\/eauto.si\/metron-shop\/product\/komplet-za-polnjenje-vse-v-enem\/","og_locale":"en_US","og_type":"article","og_title":"Komplet za polnjenje vse-v-enem","og_description":"Vrhunski polnilni paket vse-v-enem s prenosno polnilno postajo PC05X \/ PC05X+ in dodatno opremo, ki je idealna za doma\u010do, potovalno in profesionalno uporabo.","og_url":"https:\/\/eauto.si\/metron-shop\/product\/komplet-za-polnjenje-vse-v-enem\/?lang=sl","og_site_name":"Metron Shop","article_publisher":"https:\/\/www.facebook.com\/MetronInstitut\/","article_modified_time":"2026-01-26T10:15:47+00:00","og_image":[{"width":2112,"height":2112,"url":"https:\/\/eauto.si\/metron-shop\/wp-content\/uploads\/Housing_set-1.jpg","type":"image\/jpeg"}],"twitter_card":"summary_large_image","twitter_misc":{"Est. reading time":"1 minute"},"schema":{"@context":"https:\/\/schema.org","@graph":[{"@type":"WebPage","@id":"https:\/\/eauto.si\/metron-shop\/product\/komplet-za-polnjenje-vse-v-enem\/?lang=sl","url":"https:\/\/eauto.si\/metron-shop\/product\/komplet-za-polnjenje-vse-v-enem\/?lang=sl","name":"Komplet za polnjenje vse-v-enem","isPartOf":{"@id":"https:\/\/eauto.si\/metron-shop\/#website"},"primaryImageOfPage":{"@id":"https:\/\/eauto.si\/metron-shop\/product\/komplet-za-polnjenje-vse-v-enem\/?lang=sl#primaryimage"},"image":{"@id":"https:\/\/eauto.si\/metron-shop\/product\/komplet-za-polnjenje-vse-v-enem\/?lang=sl#primaryimage"},"thumbnailUrl":"https:\/\/eauto.si\/metron-shop\/wp-content\/uploads\/Housing_set-1.jpg","datePublished":"2025-03-18T10:55:46+00:00","dateModified":"2026-01-26T10:15:47+00:00","description":"Vrhunski polnilni paket vse-v-enem s prenosno polnilno postajo PC05X \/ PC05X+ in dodatno opremo, ki je idealna za doma\u010do, potovalno in profesionalno uporabo.","breadcrumb":{"@id":"https:\/\/eauto.si\/metron-shop\/product\/komplet-za-polnjenje-vse-v-enem\/?lang=sl#breadcrumb"},"inLanguage":"en-US","potentialAction":[{"@type":"ReadAction","target":["https:\/\/eauto.si\/metron-shop\/product\/komplet-za-polnjenje-vse-v-enem\/?lang=sl"]}]},{"@type":"ImageObject","inLanguage":"en-US","@id":"https:\/\/eauto.si\/metron-shop\/product\/komplet-za-polnjenje-vse-v-enem\/?lang=sl#primaryimage","url":"https:\/\/eauto.si\/metron-shop\/wp-content\/uploads\/Housing_set-1.jpg","contentUrl":"https:\/\/eauto.si\/metron-shop\/wp-content\/uploads\/Housing_set-1.jpg","width":2112,"height":2112},{"@type":"BreadcrumbList","@id":"https:\/\/eauto.si\/metron-shop\/product\/komplet-za-polnjenje-vse-v-enem\/?lang=sl#breadcrumb","itemListElement":[{"@type":"ListItem","position":1,"name":"Home","item":"https:\/\/eauto.si\/metron-shop\/"},{"@type":"ListItem","position":2,"name":"Shop","item":"https:\/\/eauto.si\/metron-shop\/"},{"@type":"ListItem","position":3,"name":"Komplet za polnjenje vse-v-enem"}]},{"@type":"WebSite","@id":"https:\/\/eauto.si\/metron-shop\/#website","url":"https:\/\/eauto.si\/metron-shop\/","name":"Metron Shop","description":"EV charging cables and more ...","publisher":{"@id":"https:\/\/eauto.si\/metron-shop\/#organization"},"potentialAction":[{"@type":"SearchAction","target":{"@type":"EntryPoint","urlTemplate":"https:\/\/eauto.si\/metron-shop\/?s={search_term_string}"},"query-input":{"@type":"PropertyValueSpecification","valueRequired":true,"valueName":"search_term_string"}}],"inLanguage":"en-US"},{"@type":"Organization","@id":"https:\/\/eauto.si\/metron-shop\/#organization","name":"Metron institute","url":"https:\/\/eauto.si\/metron-shop\/","logo":{"@type":"ImageObject","inLanguage":"en-US","@id":"https:\/\/eauto.si\/metron-shop\/#\/schema\/logo\/image\/","url":"https:\/\/eauto.si\/metron-shop\/wp-content\/uploads\/LOGO-ENG.png","contentUrl":"https:\/\/eauto.si\/metron-shop\/wp-content\/uploads\/LOGO-ENG.png","width":590,"height":272,"caption":"Metron institute"},"image":{"@id":"https:\/\/eauto.si\/metron-shop\/#\/schema\/logo\/image\/"},"sameAs":["https:\/\/www.facebook.com\/MetronInstitut\/","https:\/\/www.youtube.com\/channel\/UCkD45nHDQdTv1poqTrWhWxA"]}]}},"_links":{"self":[{"href":"https:\/\/eauto.si\/metron-shop\/wp-json\/wp\/v2\/product\/24700","targetHints":{"allow":["GET"]}}],"collection":[{"href":"https:\/\/eauto.si\/metron-shop\/wp-json\/wp\/v2\/product"}],"about":[{"href":"https:\/\/eauto.si\/metron-shop\/wp-json\/wp\/v2\/types\/product"}],"replies":[{"embeddable":true,"href":"https:\/\/eauto.si\/metron-shop\/wp-json\/wp\/v2\/comments?post=24700"}],"wp:featuredmedia":[{"embeddable":true,"href":"https:\/\/eauto.si\/metron-shop\/wp-json\/wp\/v2\/media\/24510"}],"wp:attachment":[{"href":"https:\/\/eauto.si\/metron-shop\/wp-json\/wp\/v2\/media?parent=24700"}],"wp:term":[{"taxonomy":"product_brand","embeddable":true,"href":"https:\/\/eauto.si\/metron-shop\/wp-json\/wp\/v2\/product_brand?post=24700"},{"taxonomy":"product_cat","embeddable":true,"href":"https:\/\/eauto.si\/metron-shop\/wp-json\/wp\/v2\/product_cat?post=24700"},{"taxonomy":"product_tag","embeddable":true,"href":"https:\/\/eauto.si\/metron-shop\/wp-json\/wp\/v2\/product_tag?post=24700"}],"curies":[{"name":"wp","href":"https:\/\/api.w.org\/{rel}","templated":true}]}}